s the units digit of i?
6
Let d be (1 - (3 + 0)) + 1. Let f be ((-2)/d)/(1/7). Suppose 0 = -3*u + f + 25. What is the tens digit of u?
1
Suppose -2*b = -9*b + 105. What is the units digit of b?
5
Let z = -34 + 122. What is the units digit of z?
8
Let h(z) = -3*z - 12. What is the tens digit of h(-11)?
2
Let b(d) = 3*d - 2. What is the units digit of b(1)?
1
Let h(f) = 2*f - 10. Let n be h(6). Let p(s) = s**2 - s - 2. Let q be p(n). Suppose b - 2*g = 18, q = 4*b + 2*g + 24 - 106. What is the tens digit of b?
2
Let z = 125 + -9. What is the units digit of z?
6
Let n be (-112)/3*24/(-16). Suppose 0*b = 4*b - n. What is the units digit of b?
4
Let f = -40 + 71. What is the units digit of f?
1
Let x = 8 + -6. Let k = x - 2. What is the units digit of 2/(6/27 - k)?
9
Suppose -5*j + 5*z + 1430 = 0, j + 5*z - 323 = -37. What is the tens digit of j?
8
What is the units digit of 9/(3 - 32/12)?
7
Suppose -4*g - 16 = 0, -3*r + 2*r = -2*g - 132. What is the hundreds digit of r?
1
What is the tens digit of (-2)/(4/(-33)*3/2)?
1
Let r be 10/(-3) + (-10)/(-30). Let y = 4 - r. What is the units digit of y?
7
Suppose y - 42 - 1 = 0. What is the units digit of y?
3
Let a(i) = i**2 + 10*i + 5. Let y be a(-9). What is the units digit of (-18)/y*(-4)/(-2)?
9
Let b(y) = 15*y - 4. What is the tens digit of b(2)?
2
Let u(i) = i**2 + 2*i + 2*i**2 - 3 - i + 2*i. Let v be u(-3). What is the units digit of v/10 + 2/4?
2
Let q = -81 - -36. Let w = -31 - q. What is the units digit of w?
4
Suppose p - 3 = -1. Let r(z) = 4*z + 14. Let i be r(0). Let m = p + i. What is the tens digit of m?
1
Suppose -3*v = -6*v + 15. Suppose 0 = -2*r - 3*r - w + 100, -5*r - v*w = -100. Suppose 4*j - r = -4. What is the units digit of j?
4
Let q(c) = -c**2 - 14*c - 14. Let a be q(-13). What is the tens digit of 1 + a - 32/(-2)?
1
Let a(i) = i - 1. Let m be a(3). Suppose -u + m*u - 12 = 0. What is the units digit of u?
2
Suppose -2*g - 3*y = g - 9, 0 = 3*g - y - 5. What is the units digit of 3 - (-1)/(g/24)?
5
Suppose 6*u + 25 = 11*u. What is the units digit of u?
5
Suppose 0 = 3*c + 15, -c + 3 = -4*q + 6*q. Let l be ((-2)/(-6))/(1/3). Suppose -q*d = l - 5. What is the units digit of d?
1
Let h = -46 + 100. What is the units digit of h?
4
Suppose l = 26 + 19. What is the units digit of l?
5
Let j(p) = 3*p**3 - 2*p**2 - p. What is the tens digit of j(2)?
1
Let y = 219 - 104. What is the hundreds digit of y?
1
Suppose -24 = -s - 5*u, -3*s + 4*s + u = 4. What is the units digit of (-12)/s*6/12?
6
Suppose 2*w + 6 = -2, 0 = 5*l + 2*w + 8. Let x = 12 - l. What is the tens digit of x?
1
Let y(k) = k**3 + 4*k**2 - 8*k - 6. Let h be y(-5). Let t(f) = f**2 - 9*f - 11. Let z(b) = -b. Let s(m) = t(m) - 2*z(m). What is the units digit of s(h)?
7
What is the units digit of (-2316)/(-28) - (2/7)/(-1)?
3
Let v(j) be the first derivative of -j**4/4 - 4*j**3/3 + j**2 + 5*j - 3. Let h be v(-4). What is the units digit of 1*18*h/(-6)?
9
Suppose -h + 2*a - 33 = 0, -48 = h + 3*a + 5. Suppose -20 = -30*c + 31*c. Let o = c - h. What is the tens digit of o?
2
Let t = 107 - 55. Let b be t/14 - 6/(-21). Suppose -11 = -p - b. What is the units digit of p?
7
Suppose -4*z = -2*z + 8, -5*m - 4*z - 26 = 0. Let h be 0/(m - (-2 + 2)). Suppose -2*w + h = -2. What is the units digit of w?
1
Suppose -14*b = -331 + 37. What is the tens digit of b?
2
What is the units digit of (89/3)/(22/66)?
9
Let i(m) = 9*m. Let q(y) = y. Let a(u) = 2*i(u) - 14*q(u). Let h(r) = r**2 + 4*r + 2. Let f be h(-4). What is the units digit of a(f)?
8
Let h = 25 + -17. Let o(l) = 0*l - 6 + 3*l - l. What is the tens digit of o(h)?
1
Suppose -3*o + 132 = 36. What is the tens digit of o?
3
Suppose -z = 4*b + 2*z - 129, 2*b - 2*z - 82 = 0. Let v = b - 15. Suppose -5*c + 2*n + 35 = -0*n, -3*c + v = 5*n. What is the units digit of c?
7
Let z(x) = x**2 - 7*x. Let p be z(6). Let q be 5*2/p*-3. Suppose -q*u + 7 = -53. What is the units digit of u?
2
Suppose 8*h = 6*h + 128. What is the tens digit of h?
6
Let v = -42 - -61. Let i = v + -1. What is the units digit of i?
8
Suppose 253 = 6*x - 119. What is the units digit of x?
2
Suppose d - 24 = -3*d. What is the units digit of d?
6
Let u(v) = 2*v + 3. Let q(j) = j + 1. Let z(r) = 5*q(r) - 2*u(r). Let s(x) = x**2 - 12*x + 10. Let y(t) = -s(t) - 6*z(t). What is the units digit of y(3)?
5
Suppose 3*g + 132 = 5*g. What is the tens digit of g?
6
Let m(b) = -b**3 + b**2 - b - 1. Let l(i) = 2*i**3 + 4*i**2 - 3*i + 6. Let y(p) = l(p) + 3*m(p). Let t be y(6). Let k = t - -4. What is the units digit of k?
7
Suppose -5*p + 20 = 3*v, -2*p = -7*p + 2*v + 20. Suppose u - 5*g - 95 = -4*u, 3*u - 57 = p*g. What is the tens digit of u?
1
Suppose -3*y - 2 = -4*y. What is the units digit of y?
2
Suppose 3*n = -2*w - 10, -2*n - 3 - 7 = 2*w. Let o(k) = n - 5*k + 2*k + 0. What is the units digit of o(-4)?
2
What is the tens digit of (-388)/(-10) - 1/(-5)?
3
Let q be -3 + 19/(-2)*-10. Suppose 4*z = -2*a + q, -4*z + 45 = a - 49. What is the tens digit of z?
2
Let n be (-6)/21 + 2/7. Suppose n = 3*t + 4 - 10. What is the units digit of t?
2
Suppose 0 = 3*h - 4*h - 36. Let n = 66 + h. What is the units digit of n?
0
Suppose 3*u - 9 = 3*g, 4*g + 4 = 2*g. Let y = 1 - u. Let b(w) = -w + 1. What is the units digit of b(y)?
1
Let s = -2 - -7. Suppose -2*c - s*u = 8, -c + 4*u + 18 = -4. Let z = c - 0. What is the units digit of z?
6
Let d(n) = -n**3 + 14*n**2 - 3*n + 12. What is the units digit of d(6)?
2
Let a(s) = s**3 + 3*s - 4. What is the units digit of a(5)?
6
Let h(i) = 46*i - 58. What is the hundreds digit of h(6)?
2
What is the tens digit of 1098/39 + -4*6/156?
2
Suppose -5*c = 5*n - 45, 0 = -2*c - 2*c + 20. Let z = n - -1. What is the units digit of z?
5
Let s(x) = 3*x**2 - 1. Let u be s(1). Let m be (-1)/(-1 - u/(-3)). Suppose -30 = -m*b - 2*b. What is the units digit of b?
6
Let m(b) = -23*b - 61. What is the tens digit of m(-10)?
6
Let x(j) = 80*j**2 + 8*j - 9. What is the tens digit of x(1)?
7
Let x be 4/22 - 295/(-11). Suppose 0 = -3*f + 3*d + x, -2*f + 2*d + 22 = -d. Suppose 3*a = -u, 0 = f*u - 5*a - 97 + 37. What is the units digit of u?
9
Let j(x) be the first derivative of 2*x**2 + 2 + 1/3*x**3 + 0*x. What is the tens digit of j(-6)?
1
Suppose 2*x + 2*x + 26 = -5*m, 0 = -3*x - 5*m - 17. Let o(l) = -9*l**2 + l. Let v be o(2). What is the units digit of v/(-6) - 3/x?
6
Let t be 16/10 - 2/(-5). Suppose 17 - 48 = -3*b + 4*l, 4*b - 58 = t*l. What is the units digit of b?
7
Let s be -4 + 2 - (0 - -1). Let a be (-3)/6 + (-11)/2. What is the tens digit of ((-4)/s)/(a/(-45))?
1
Let r(i) be the third derivative of 1/20*i**5 + 1/12*i**4 - 2*i**2 + 0*i + 0 + 1/6*i**3. What is the units digit of r(-2)?
9
Suppose -479 = -5*r - 2*b, -5*b = -14*r + 9*r + 465. What is the tens digit of r?
9
Let u(d) be the first derivative of -d**4/4 + 5*d**3/3 + d**2/2 - 5*d - 9. What is the tens digit of u(4)?
1
Let i(p) = p - 1. Let j be i(5). Let m = j - 1. Let k = m - 2. What is the units digit of k?
1
What is the units digit of (1 + 2 - 7)*-42?
8
Let r(a) = 5*a**3 + 3*a**2 - 2*a + 2. What is the tens digit of r(2)?
5
What is the units digit of 4/(-18) + (-266)/(-63)?
4
Let j = -1 + 6. Suppose 3*q - 22 = 2*l, -3*l - 38 = -j*q - l. What is the units digit of q?
8
Suppose 1274 - 418 = 4*b. What is the tens digit of b?
1
Let j be (-2)/5 + (-39)/15. Let u(f) be the first derivative of -f**3/3 - 3*f**2/2 + f - 3. What is the units digit of u(j)?
1
Suppose -230 = 2*w - 7*w. What is the tens digit of w?
4
Let q(a) = a**3 - 7*a**2 - 9*a + 10. Let x be q(8). Suppose 7*v - 3*v - o + 2 = 0, 2*o - 4 = -x*v. Suppose 0*f - 3*f + 24 = v. What is the units digit of f?
8
Suppose 2*v + 13 = -73. Let f = -20 - v. What is the tens digit of f?
2
Let s = 269 + -136. What is the tens digit of s?
3
Let x = 31 + -17. Suppose -4*f = -58 - x. What is the units digit of f?
8
Let b be 22/5 + 2/(-5). Let s = b - -1. What is the units digit of s/4 - (-2)/(-8)?
1
Suppose 3*l - 8*l = -10. What is the units digit of l?
2
Let r be (-12)/(-10)*10/4. Suppose -10 = -r*a + a. What is the units digit of a?
5
Suppose -2*k + 41 = -5*w, -2*k + 4 = 4*w - 28. What is the tens digit of k?
1
Let z = -9 + 6. Let y(c) = 2*c**2 + 3*c - 2. Let w be y(z). What is the tens digit of (3 - (-2 + 3))*w?
1
Supp